{"id":1365,"date":"2024-10-30T16:42:04","date_gmt":"2024-10-30T15:42:04","guid":{"rendered":"https:\/\/geo-tp.fr\/?page_id=1365"},"modified":"2024-10-30T17:05:23","modified_gmt":"2024-10-30T16:05:23","slug":"elementor-1365","status":"publish","type":"page","link":"https:\/\/geo-tp.fr\/index.php\/elementor-1365\/","title":{"rendered":"Mentions l\u00e9gales"},"content":{"rendered":"\t\t<div data-elementor-type=\"wp-page\" data-elementor-id=\"1365\" class=\"elementor elementor-1365\">\n\t\t\t\t\t\t\t<div class=\"elementor-element elementor-element-455c89b e-flex e-con-boxed e-con\" data-id=\"455c89b\" data-element_type=\"container\" data-settings=\"{&quot;content_width&quot;:&quot;boxed&quot;}\">\n\t\t\t\t\t<div class=\"e-con-inner\">\n\t\t\t\t<div class=\"elementor-element elementor-element-f3c815b elementor-widget elementor-widget-text-editor\" data-id=\"f3c815b\" data-element_type=\"widget\" data-widget_type=\"text-editor.default\">\n\t\t\t\t<div class=\"elementor-widget-container\">\n\t\t\t<style>\/*! elementor - v3.15.0 - 20-08-2023 *\/\n.elementor-widget-text-editor.elementor-drop-cap-view-stacked .elementor-drop-cap{background-color:#69727d;color:#fff}.elementor-widget-text-editor.elementor-drop-cap-view-framed .elementor-drop-cap{color:#69727d;border:3px solid;background-color:transparent}.elementor-widget-text-editor:not(.elementor-drop-cap-view-default) .elementor-drop-cap{margin-top:8px}.elementor-widget-text-editor:not(.elementor-drop-cap-view-default) .elementor-drop-cap-letter{width:1em;height:1em}.elementor-widget-text-editor .elementor-drop-cap{float:left;text-align:center;line-height:1;font-size:50px}.elementor-widget-text-editor .elementor-drop-cap-letter{display:inline-block}<\/style>\t\t\t\t<p><strong>\u00c9diteur du site<\/strong><\/p><ul><li>Nom de l&#8217;entreprise : <strong>G\u00e9O T.P.<\/strong><\/li><li>Forme juridique : SASU, soci\u00e9t\u00e9 par actions simplifi\u00e9e unipersonnelle<\/li><li>Adresse du si\u00e8ge social : ZAC DU PLESSIS SAUCOURT, 5 RUE CAMILLE DECAUVILLE, 91250 TIGERY<\/li><li>Num\u00e9ro de t\u00e9l\u00e9phone : <a href=\"https:\/\/www.google.com\/search?q=geo+tp&amp;rlz=1C1GCEA_enFR1126FR1126&amp;oq=geo+tp&amp;gs_lcrp=EgZjaHJvbWUqDAgAECMYJxiABBiKBTIMCAAQIxgnGIAEGIoFMhAIARAuGK8BGMcBGIAEGI4FMgYIAhBFGEAyEwgDEC4YChgWGB4YrwEYxwEYjgUyCAgEEAAYFhgeMgYIBRBFGDwyBggGEEUYPDIGCAcQRRg80gEIMTIzMmowajSoAgCwAgE&amp;sourceid=chrome&amp;ie=UTF-8\"><span aria-label=\"Appeler le 01 69 43 05 34\">01 69 43 05 34<\/span><\/a><\/li><li>Adresse e-mail : contact@geotp.fr<\/li><li>SIRET : 49394282500032<\/li><li>Num\u00e9ro de TVA intracommunautaire : FR33493942825<\/li><li>Directeur de la publication : Philippe Baumel<\/li><\/ul><p><strong>Conditions d\u2019utilisation<\/strong><\/p><p>L\u2019utilisation du site <strong>G\u00e9O T.P.<\/strong> implique l\u2019acceptation pleine et enti\u00e8re des conditions g\u00e9n\u00e9rales d\u2019utilisation d\u00e9crites dans les pr\u00e9sentes mentions l\u00e9gales. Ces conditions d\u2019utilisation sont susceptibles d\u2019\u00eatre modifi\u00e9es ou compl\u00e9t\u00e9es \u00e0 tout moment ; les utilisateurs du site sont donc invit\u00e9s \u00e0 les consulter r\u00e9guli\u00e8rement.<\/p><p><strong>Propri\u00e9t\u00e9 intellectuelle et contrefa\u00e7ons<\/strong><\/p><p><strong>G\u00e9O T.P.<\/strong> est propri\u00e9taire des droits de propri\u00e9t\u00e9 intellectuelle ou d\u00e9tient les droits d\u2019usage sur tous les \u00e9l\u00e9ments accessibles sur le site, notamment les textes, images, graphismes, logos, ic\u00f4nes, sons, logiciels, etc.<br \/>Toute reproduction, repr\u00e9sentation, modification, publication, adaptation de tout ou partie des \u00e9l\u00e9ments du site, quel que soit le moyen ou le proc\u00e9d\u00e9 utilis\u00e9, est interdite, sauf autorisation \u00e9crite pr\u00e9alable de <strong>G\u00e9O T.P.<\/strong> Toute exploitation non autoris\u00e9e du site ou de l\u2019un quelconque de ses \u00e9l\u00e9ments sera consid\u00e9r\u00e9e comme constitutive d\u2019une contrefa\u00e7on et poursuivie conform\u00e9ment aux dispositions des articles <strong>L.335-2 et suivants du Code de Propri\u00e9t\u00e9 Intellectuelle<\/strong>.<\/p><p><strong>Limitations de responsabilit\u00e9<\/strong><\/p><p><strong>G\u00e9O T.P.<\/strong> ne pourra \u00eatre tenue responsable des dommages directs et indirects caus\u00e9s au mat\u00e9riel de l\u2019utilisateur, lors de l\u2019acc\u00e8s au site <strong>G\u00e9O T.P.<\/strong>, et r\u00e9sultant soit de l\u2019utilisation d\u2019un mat\u00e9riel ne r\u00e9pondant pas aux sp\u00e9cifications indiqu\u00e9es au point pr\u00e9c\u00e9dent, soit de l\u2019apparition d\u2019un bug ou d\u2019une incompatibilit\u00e9.<br \/><strong>G\u00e9O T.P.<\/strong> ne pourra \u00e9galement \u00eatre tenue responsable des dommages indirects (tels par exemple qu\u2019une perte de march\u00e9 ou perte d\u2019une chance) cons\u00e9cutifs \u00e0 l\u2019utilisation du site.<\/p><p><strong>Gestion des donn\u00e9es personnelles<\/strong><\/p><p><strong>G\u00e9O T.P.<\/strong> s\u2019engage \u00e0 ce que la collecte et le traitement de vos donn\u00e9es, effectu\u00e9s \u00e0 partir du site geo-tp.fr, soient conformes \u00e0 la loi n\u00b0 78-17 du 6 janvier 1978 relative \u00e0 l\u2019informatique, aux fichiers et aux libert\u00e9s, dite loi \u00ab Informatique et Libert\u00e9s \u00bb, et au <strong>R\u00e8glement G\u00e9n\u00e9ral sur la Protection des Donn\u00e9es (RGPD)<\/strong>.<br \/>Les donn\u00e9es collect\u00e9es sont uniquement destin\u00e9es \u00e0 l\u2019usage de <strong>G\u00e9O T.P.<\/strong> et ne sont en aucun cas vendues ou \u00e9chang\u00e9es avec des tiers.<\/p><p>En vertu de la r\u00e9glementation en vigueur, vous disposez d\u2019un droit d\u2019acc\u00e8s, de rectification, de suppression et d\u2019opposition au traitement de vos donn\u00e9es personnelles. Vous pouvez exercer ces droits en adressant un courrier \u00e0 <strong>G\u00e9O T.P.<\/strong>, \u00e0 l\u2019adresse suivante : ZAC DU PLESSIS SAUCOURT, 5 RUE CAMILLE DECAUVILLE, 91250 TIGERY ou par e-mail \u00e0 contact@geotp.fr.<\/p><p><strong>Cookies<\/strong><\/p><p>Le site <strong>G\u00e9O T.P.<\/strong> peut-\u00eatre amen\u00e9 \u00e0 vous demander l\u2019acceptation des cookies pour des besoins de statistiques et d\u2019affichage. Un cookie est une information d\u00e9pos\u00e9e sur votre disque dur par le serveur du site que vous visitez. Vous avez la possibilit\u00e9 de refuser l\u2019installation de cookies sur votre appareil en configurant les param\u00e8tres de votre navigateur.<\/p><p><strong>Droit applicable et attribution de juridiction<\/strong><\/p><p>Tout litige en relation avec l\u2019utilisation du site <strong>G\u00e9O T.P.<\/strong> est soumis au droit fran\u00e7ais. En cas de litige, il est fait attribution exclusive de juridiction aux tribunaux comp\u00e9tents.<\/p>\t\t\t\t\t\t<\/div>\n\t\t\t\t<\/div>\n\t\t\t\t\t<\/div>\n\t\t\t\t<\/div>\n\t\t\t\t\t\t\t<\/div>\n\t\t","protected":false},"excerpt":{"rendered":"<p>\u00c9diteur du site Nom de l&#8217;entreprise : G\u00e9O T.P. Forme juridique : SASU, soci\u00e9t\u00e9 par actions simplifi\u00e9e unipersonnelle Adresse du si\u00e8ge social : ZAC DU PLESSIS SAUCOURT, 5 RUE CAMILLE DECAUVILLE, 91250 TIGERY Num\u00e9ro de t\u00e9l\u00e9phone : 01 69 43 05 34 Adresse e-mail : contact@geotp.fr SIRET : 49394282500032 Num\u00e9ro de TVA intracommunautaire : FR33493942825 [&hellip;]<\/p>\n","protected":false},"author":1,"featured_media":0,"parent":0,"menu_order":0,"comment_status":"closed","ping_status":"closed","template":"","meta":{"footnotes":""},"class_list":["post-1365","page","type-page","status-publish","hentry"],"blocksy_meta":"","yoast_head":"<!-- This site is optimized with the Yoast SEO plugin v23.7 - https:\/\/yoast.com\/wordpress\/plugins\/seo\/ -->\n<title>Mentions l\u00e9gales -<\/title>\n<meta name=\"robots\" content=\"noindex, nofollow, max-snippet:-1, max-image-preview:large, max-video-preview:-1\" \/>\n<meta property=\"og:locale\" content=\"en_US\" \/>\n<meta property=\"og:type\" content=\"article\" \/>\n<meta property=\"og:title\" content=\"Mentions l\u00e9gales -\" \/>\n<meta property=\"og:description\" content=\"\u00c9diteur du site Nom de l&#8217;entreprise : G\u00e9O T.P. Forme juridique : SASU, soci\u00e9t\u00e9 par actions simplifi\u00e9e unipersonnelle Adresse du si\u00e8ge social : ZAC DU PLESSIS SAUCOURT, 5 RUE CAMILLE DECAUVILLE, 91250 TIGERY Num\u00e9ro de t\u00e9l\u00e9phone : 01 69 43 05 34 Adresse e-mail : contact@geotp.fr SIRET : 49394282500032 Num\u00e9ro de TVA intracommunautaire : FR33493942825 [&hellip;]\" \/>\n<meta property=\"og:url\" content=\"https:\/\/geo-tp.fr\/index.php\/elementor-1365\/\" \/>\n<meta property=\"article:modified_time\" content=\"2024-10-30T16:05:23+00:00\" \/>\n<meta name=\"twitter:card\" content=\"summary_large_image\" \/>\n<meta name=\"twitter:label1\" content=\"Est. reading time\" \/>\n\t<meta name=\"twitter:data1\" content=\"3 minutes\" \/>\n<script type=\"application\/ld+json\" class=\"yoast-schema-graph\">{\"@context\":\"https:\/\/schema.org\",\"@graph\":[{\"@type\":\"WebPage\",\"@id\":\"https:\/\/geo-tp.fr\/index.php\/elementor-1365\/\",\"url\":\"https:\/\/geo-tp.fr\/index.php\/elementor-1365\/\",\"name\":\"Mentions l\u00e9gales -\",\"isPartOf\":{\"@id\":\"https:\/\/geo-tp.fr\/#website\"},\"datePublished\":\"2024-10-30T15:42:04+00:00\",\"dateModified\":\"2024-10-30T16:05:23+00:00\",\"breadcrumb\":{\"@id\":\"https:\/\/geo-tp.fr\/index.php\/elementor-1365\/#breadcrumb\"},\"inLanguage\":\"en-US\",\"potentialAction\":[{\"@type\":\"ReadAction\",\"target\":[\"https:\/\/geo-tp.fr\/index.php\/elementor-1365\/\"]}]},{\"@type\":\"BreadcrumbList\",\"@id\":\"https:\/\/geo-tp.fr\/index.php\/elementor-1365\/#breadcrumb\",\"itemListElement\":[{\"@type\":\"ListItem\",\"position\":1,\"name\":\"Home\",\"item\":\"https:\/\/geo-tp.fr\/\"},{\"@type\":\"ListItem\",\"position\":2,\"name\":\"Mentions l\u00e9gales\"}]},{\"@type\":\"WebSite\",\"@id\":\"https:\/\/geo-tp.fr\/#website\",\"url\":\"https:\/\/geo-tp.fr\/\",\"name\":\"\",\"description\":\"\",\"potentialAction\":[{\"@type\":\"SearchAction\",\"target\":{\"@type\":\"EntryPoint\",\"urlTemplate\":\"https:\/\/geo-tp.fr\/?s={search_term_string}\"},\"query-input\":{\"@type\":\"PropertyValueSpecification\",\"valueRequired\":true,\"valueName\":\"search_term_string\"}}],\"inLanguage\":\"en-US\"}]}<\/script>\n<!-- \/ Yoast SEO plugin. -->","yoast_head_json":{"title":"Mentions l\u00e9gales -","robots":{"index":"noindex","follow":"nofollow","max-snippet":"max-snippet:-1","max-image-preview":"max-image-preview:large","max-video-preview":"max-video-preview:-1"},"og_locale":"en_US","og_type":"article","og_title":"Mentions l\u00e9gales -","og_description":"\u00c9diteur du site Nom de l&#8217;entreprise : G\u00e9O T.P. Forme juridique : SASU, soci\u00e9t\u00e9 par actions simplifi\u00e9e unipersonnelle Adresse du si\u00e8ge social : ZAC DU PLESSIS SAUCOURT, 5 RUE CAMILLE DECAUVILLE, 91250 TIGERY Num\u00e9ro de t\u00e9l\u00e9phone : 01 69 43 05 34 Adresse e-mail : contact@geotp.fr SIRET : 49394282500032 Num\u00e9ro de TVA intracommunautaire : FR33493942825 [&hellip;]","og_url":"https:\/\/geo-tp.fr\/index.php\/elementor-1365\/","article_modified_time":"2024-10-30T16:05:23+00:00","twitter_card":"summary_large_image","twitter_misc":{"Est. reading time":"3 minutes"},"schema":{"@context":"https:\/\/schema.org","@graph":[{"@type":"WebPage","@id":"https:\/\/geo-tp.fr\/index.php\/elementor-1365\/","url":"https:\/\/geo-tp.fr\/index.php\/elementor-1365\/","name":"Mentions l\u00e9gales -","isPartOf":{"@id":"https:\/\/geo-tp.fr\/#website"},"datePublished":"2024-10-30T15:42:04+00:00","dateModified":"2024-10-30T16:05:23+00:00","breadcrumb":{"@id":"https:\/\/geo-tp.fr\/index.php\/elementor-1365\/#breadcrumb"},"inLanguage":"en-US","potentialAction":[{"@type":"ReadAction","target":["https:\/\/geo-tp.fr\/index.php\/elementor-1365\/"]}]},{"@type":"BreadcrumbList","@id":"https:\/\/geo-tp.fr\/index.php\/elementor-1365\/#breadcrumb","itemListElement":[{"@type":"ListItem","position":1,"name":"Home","item":"https:\/\/geo-tp.fr\/"},{"@type":"ListItem","position":2,"name":"Mentions l\u00e9gales"}]},{"@type":"WebSite","@id":"https:\/\/geo-tp.fr\/#website","url":"https:\/\/geo-tp.fr\/","name":"","description":"","potentialAction":[{"@type":"SearchAction","target":{"@type":"EntryPoint","urlTemplate":"https:\/\/geo-tp.fr\/?s={search_term_string}"},"query-input":{"@type":"PropertyValueSpecification","valueRequired":true,"valueName":"search_term_string"}}],"inLanguage":"en-US"}]}},"_links":{"self":[{"href":"https:\/\/geo-tp.fr\/index.php\/wp-json\/wp\/v2\/pages\/1365","targetHints":{"allow":["GET"]}}],"collection":[{"href":"https:\/\/geo-tp.fr\/index.php\/wp-json\/wp\/v2\/pages"}],"about":[{"href":"https:\/\/geo-tp.fr\/index.php\/wp-json\/wp\/v2\/types\/page"}],"author":[{"embeddable":true,"href":"https:\/\/geo-tp.fr\/index.php\/wp-json\/wp\/v2\/users\/1"}],"replies":[{"embeddable":true,"href":"https:\/\/geo-tp.fr\/index.php\/wp-json\/wp\/v2\/comments?post=1365"}],"version-history":[{"count":8,"href":"https:\/\/geo-tp.fr\/index.php\/wp-json\/wp\/v2\/pages\/1365\/revisions"}],"predecessor-version":[{"id":1377,"href":"https:\/\/geo-tp.fr\/index.php\/wp-json\/wp\/v2\/pages\/1365\/revisions\/1377"}],"wp:attachment":[{"href":"https:\/\/geo-tp.fr\/index.php\/wp-json\/wp\/v2\/media?parent=1365"}],"curies":[{"name":"wp","href":"https:\/\/api.w.org\/{rel}","templated":true}]}}